prime factors of q.
3, 7, 11
Let h(x) = 33*x - 2. Let t(u) = -33*u + 2. Suppose -s - 36 = 3*s + 4*q, 5*s + 40 = -4*q. Let z(i) = s*h(i) - 5*t(i). What are the prime factors of z(1)?
31
Suppose -2*d - 498 = -2*y, 5*y - 2*d = -6*d + 1272. Let o = y - 122. List the prime factors of o.
2, 5, 13
Suppose 4*b + 2*q - 238 = -0*q, -10 = 2*q. Suppose 4*g - b = 3*g - 3*k, 3*g + 2*k - 151 = 0. List the prime factors of g.
47
Suppose 3*l - 12 = 3*y, -4*y = -l - 2*y + 4. Let b(i) = -i**3 + 8*i**2 - 2*i + 6. List the prime factors of b(l).
2, 31
Let f be 13/26*4/(-6)*-3. What are the prime factors of (f - 1) + 11/((-44)/(-480))?
2, 3, 5
Let l(m) = -11*m + 25. List the prime factors of l(-6).
7, 13
Let q = -11 + 8. Let i(b) = 24*b**2 - 9*b**2 - 5*b - 13*b**2 - 3. List the prime factors of i(q).
2, 3, 5
Let y = 518 + -378. List the prime factors of y.
2, 5, 7
Let b(j) = 2*j**2 + 13*j - 2. Let y = -19 - -11. List the prime factors of b(y).
2, 11
Let h be (-4)/6 - (-24)/9. Let p be 4/(-36)*-38 + 4/(-18). Suppose -71 = -h*k - 3*d, -2*k + p*d = -k - 30. List the prime factors of k.
2, 17
Let s(a) = -2*a**2 - a + 22. Let k be s(5). What are the prime factors of -237*(-4 + k/(-9))?
79
Let d = 8143 + -5505. What are the prime factors of d?
2, 1319
Suppose 2*z = -4*o + 514, 0 = -9*z + 11*z - 3*o - 528. List the prime factors of z.
3, 29
Suppose 3*x + 4*h + 26 = 2*x, -5*x - 86 = -2*h. List the prime factors of ((-178)/4)/(x/(-4) + -5).
89
Suppose 0 = 5*l - p - 7767, -3*p - 588 - 957 = -l. What are the prime factors of l?
2, 3, 7, 37
Let i(q) = -10*q - 18. Let b(y) = 9*y + 17. Let j(a) = -3*b(a) - 2*i(a). Let f be j(-16). Let x = 141 - f. What are the prime factors of x?
2, 11
Let r(u) = 11*u + 4*u**2 + 5 - 5*u - 2*u**2. Let g be r(-3). Suppose -4*w - 120 = -g*o, 0 = -2*o + 5*o + 5*w - 35. What are the prime factors of o?
2, 5
Suppose -4*t + 3934 + 1747 = -i, 4*i = -20. What are the prime factors of t?
3, 11, 43
Let n(l) = -14*l - 6. Suppose -3*y + 18 = -2*x, 5*x + 17 + 21 = 4*y. What are the prime factors of n(x)?
2, 3, 13
Let p(x) = 4*x - 2. Suppose -4*b = -5*q - 28, 4*b + 4*q - 5 = -13. Let k be p(b). Suppose 105 = -j + k*j. List the prime factors of j.
3, 7
Let x be (9/(-27))/((-1)/3). Let t be 2 + (-1 + x)/(-4). Suppose 0*n = t*n - 44. What are the prime factors of n?
2, 11
Let l be -9 + -1*(-12)/4. Let q be (-154)/l - 7/(-21). Suppose 3*i - 39 = 2*b, i = -i + 5*b + q. List the prime factors of i.
13
What are the prime factors of 32/(-12)*14532/(-56)?
2, 173
Suppose 0*g = 5*g + 5*w - 2060, -w + 1228 = 3*g. List the prime factors of g.
2, 3, 17
Suppose -4 = 2*g, -17 = -3*q - 0*g + 4*g. Let k be (-3)/(-9) - (-113)/q. Let b = -19 + k. List the prime factors of b.
19
Let v(l) = 25*l + 4. List the prime factors of v(13).
7, 47
Suppose -3*p - 4*z + 5972 = 0, -22*z + 21*z - 9915 = -5*p. List the prime factors of p.
2, 31
Suppose -7*r - 3*r = -8100. List the prime factors of r.
2, 3, 5
What are the prime factors of (-15 - -17)*(-2 - -86)?
2, 3, 7
Suppose 8*p + 256 = 6*p. Let v = p + 202. List the prime factors of v.
2, 37
Suppose -4*r + 52 = -0*r. Let z = r - 10. Suppose 11 = z*g - 31. What are the prime factors of g?
2, 7
Suppose 1477 = 4*a - q, 3*a + 4*q - 1365 = -262. List the prime factors of a.
3, 41
Suppose -4*m - 5*z - 573 = -3085, 2*m - 5*z = 1286. List the prime factors of m.
3, 211
List the prime factors of (1686/(-4))/(72/(-96)).
2, 281
Suppose -1868 = 6*g - 10910. What are the prime factors of g?
11, 137
Let g = -64 - -67. List the prime factors of (28/5)/(g - 206/70).
2, 7
Let o(y) = y + 5. Let r be o(0). Suppose -k + 99 = -w + 2, -r*w = -5. List the prime factors of k.
2, 7
Let u = 3008 + -453. List the prime factors of u.
5, 7, 73
Let f = 399 - -1319. List the prime factors of f.
2, 859
List the prime factors of (-4)/(-2) - 52548/(-29).
2, 907
Suppose -3*z = 4*c - 4575, 3*c - 3426 = -4*z - 0*z. List the prime factors of c.
2, 3, 191
Suppose -6 + 0 = -3*q. Let v be (-986)/18 + q/(-9). Let d = -36 - v. What are the prime factors of d?
19
Suppose -o + 3 = 2*d, -o - 4 = 1. Let n(x) = 3*x**2 - 11*x + 4. What are the prime factors of n(d)?
2
Let k be 3*-127*(-5)/15. Suppose -5*s - t + 283 = -k, -s + 2*t = -82. What are the prime factors of s?
2, 41
Let c(w) = -w**3 + 2*w + 47. Let m be c(0). Suppose 441 = m*p - 38*p. List the prime factors of p.
7
Let u be -2 - -3 - (4 - 5). Suppose 0 = -u*f - 0*f. Suppose f = -b + 44 - 8. List the prime factors of b.
2, 3
Let i = -14 - -17. Suppose -5*g + 2*u = -3*g - 384, 2*u = i*g - 574. Suppose -4*c + 202 = -5*o, 4*o = -4*c + 3*o + g. What are the prime factors of c?
2, 3
What are the prime factors of (1/3)/((-3)/63) + 5092?
3, 5, 113
Suppose -84*r + 38*r + 30360 = 0. What are the prime factors of r?
2, 3, 5, 11
Let r = 26 + -24. Suppose r*g - 26 = 66. List the prime factors of g.
2, 23
Let d = 309 - 306. Let v be (2/(-4))/(1/2). Let s = v + d. List the prime factors of s.
2
Suppose 2*b = -3*b, -4*u - 4*b - 160 = 0. Let c = 4 - u. What are the prime factors of c?
2, 11
Let v = -774 + 813. List the prime factors of v.
3, 13
List the prime factors of (-4 + 15/3)*0 + 725.
5, 29
Let q(r) = r**3 - 5*r**2 + 4*r + 9. Let g be q(3). Let v be 4/8*14/1. Suppose g*y + 148 = v*y. What are the prime factors of y?
37
Let d(p) = -p**3 + 11*p**2 + 17*p - 3. Suppose -2*u - v = -61 + 2, 0 = 2*u + 4*v - 68. Suppose -l - z + u = l, 3*z = 5*l - 48. List the prime factors of d(l).
3, 19
Let l(j) be the first derivative of j**3/3 + 5*j**2/2 + 10*j + 9. Let m be l(-7). Suppose -3*v = 6 - m. What are the prime factors of v?
2, 3
Let m be (2/4 - 1)*-24. Let z be ((-12)/(-18))/((-2)/m). List the prime factors of (-5 + 3 - z) + 13.
3, 5
Let d = 2869 - 1510. What are the prime factors of d?
3, 151
Let t be 1 + 5 + 12/(-3). Suppose -f + 2*r - 40 = 0, 3*f - 4*r = -t*r - 112. Let s = 11 - f. What are the prime factors of s?
47
Suppose 33 = v + 181. Let y = -96 - v. What are the prime factors of y?
2, 13
Suppose -2*b = 2*v, -v + 5*b + 12 = -12. Let l be 1/((v - 3)/(-6)). List the prime factors of l/27 - 65/(-9).
7
Let w(j) = 16*j - 147. List the prime factors of w(16).
109
Suppose -3*c + 330 - 48 = 0. List the prime factors of c.
2, 47
Suppose 3 = -q + 5. Let p be -3 - 0*q/8. Let j = 7 + p. What are the prime factors of j?
2
Suppose -4*d = c - 4084, -2*c - 4104 = -4*d + 2*c. What are the prime factors of d?
2, 7, 73
Let j be (-102)/(-9) + 1/(-3). Suppose p - j = -2. Let f = -3 + p. List the prime factors of f.
2, 3
List the prime factors of 411/2*((-4)/4 - -3).
3, 137
Let s(h) = 4*h**2 - 12*h + 72. What are the prime factors of s(15)?
2, 3, 11
Let s = 12826 + -7169. What are the prime factors of s?
5657
Let x(r) = -2*r**2 - 14*r - 8. Let v(u) = -5*u**2 - u. Let i be v(1). Let l be x(i). Suppose -q = -3*o - 4*q + 69, 77 = l*o + q. List the prime factors of o.
2, 3
Suppose -5*i = -2*j - 95, 11 = -i + j + 27. Let o(t) = -12*t**2 + 2*t. Let n be o(1). Let a = n + i. What are the prime factors of a?
11
Let a(m) = -m**3 + m + 1. Let q be (-3)/9 + 111/9. Suppose -8*u - q = -4*u. What are the prime factors of a(u)?
5
Suppose -6*a + 1389 = 585. What are the prime factors of a?
2, 67
Let f(n) = -n**3 + 22*n**2 + 24*n - 19. Let y be f(23). Suppose 54 + 177 = 5*o - y*a, -4*a + 113 = 3*o. What are the prime factors of o?
43
Let n be ((-40)/(-35))/4 - 82/(-7). Suppose -n*y + 64 = -4*y. List the prime factors of y.
2
Let k(f) = -21*f + 23*f + 18 - 3. List the prime factors of k(17).
7
Let m = -183 - -189. What are the prime factors of m?
2, 3
Let i be (-74)/(1/1 - 0 - 3). Suppose 5*j - 194 + 64 = -4*q, j = -3*q + i. What are the prime factors of j?
2, 11
Let t be 2/(-4)*4 + 1 - 1. List the prime factors of -122*((3/t)/(-3))/(-1).
61
Let s be 2*3/(-2) + -150. What are the prime factors of (-12 - -10)/(2/s)?
3, 17
Suppose 3*v = 3*r + v - 217, -2*v = 3*r - 221. List the prime factors of r.
73
Let v(x) = -x**3 + 8*x**2 + 8*x + 12. Suppose 0 = -5*d + d + 36. Let q be v(d). Suppose -2*r = 4*o - 150, 4*o - 217 = -q*r - 0*r. List the prime factors of r.
67
Let u = 3225 + -2460. What are the prime factors of u?
3, 5, 17
Suppose -3*w = 2*p - 58, -3*w + p + 70 = -0*p. Suppose 2*a = -3*a - 65. Let x = a + w. What are the prime factors of x?
3
Let w be -573*(1 + -3)/6. Suppose -29 